 digit of 16812?
2
What is the units digit of 2556?
6
What is the units digit of 89287?
7
What is the thousands digit of 18133?
8
What is the units digit of 17812?
2
What is the units digit of 405?
5
What is the hundreds digit of 241?
2
What is the units digit of 56547?
7
What is the tens digit of 366?
6
What is the hundreds digit of 87960?
9
What is the hundreds digit of 682?
6
What is the tens digit of 26911?
1
What is the ten thousands digit of 11119?
1
What is the hundreds digit of 10087?
0
What is the hundreds digit of 34708?
7
What is the ten thousands digit of 33689?
3
What is the units digit of 1?
1
What is the ten thousands digit of 11242?
1
What is the thousands digit of 2424?
2
What is the hundreds digit of 71585?
5
What is the units digit of 5410?
0
What is the hundreds digit of 28847?
8
What is the tens digit of 2390?
9
What is the thousands digit of 6266?
6
What is the hundreds digit of 286?
2
What is the hundred thousands digit of 132714?
1
What is the hundreds digit of 1160?
1
What is the units digit of 838?
8
What is the tens digit of 4992?
9
What is the tens digit of 142?
4
What is the units digit of 10230?
0
What is the tens digit of 31753?
5
What is the units digit of 102414?
4
What is the tens digit of 34771?
7
What is the units digit of 27351?
1
What is the hundreds digit of 901?
9
What is the hundreds digit of 992?
9
What is the thousands digit of 3142?
3
What is the tens digit of 1981?
8
What is the tens digit of 2188?
8
What is the thousands digit of 30859?
0
What is the tens digit of 15662?
6
What is the tens digit of 1087?
8
What is the units digit of 277?
7
What is the hundreds digit of 4725?
7
What is the units digit of 1313?
3
What is the thousands digit of 57519?
7
What is the tens digit of 11510?
1
What is the thousands digit of 10908?
0
What is the hundreds digit of 255?
2
What is the thousands digit of 2926?
2
What is the hundreds digit of 1725?
7
What is the units digit of 1097?
7
What is the units digit of 653?
3
What is the tens digit of 371?
7
What is the hundreds digit of 889?
8
What is the hundreds digit of 31975?
9
What is the thousands digit of 159515?
9
What is the tens digit of 104340?
4
What is the units digit of 30912?
2
What is the thousands digit of 2838?
2
What is the units digit of 13406?
6
What is the hundreds digit of 17387?
3
What is the tens digit of 1134?
3
What is the tens digit of 659?
5
What is the tens digit of 435?
3
What is the tens digit of 16168?
6
What is the thousands digit of 9660?
9
What is the thousands digit of 16256?
6
What is the hundreds digit of 1497?
4
What is the ten thousands digit of 56089?
5
What is the tens digit of 6226?
2
What is the units digit of 31?
1
What is the units digit of 5905?
5
What is the tens digit of 243?
4
What is the units digit of 7919?
9
What is the units digit of 120?
0
What is the thousands digit of 26390?
6
What is the units digit of 2174?
4
What is the tens digit of 4379?
7
What is the tens digit of 19?
1
What is the thousands digit of 25956?
5
What is the units digit of 172?
2
What is the thousands digit of 13618?
3
What is the hundreds digit of 7912?
9
What is the hundreds digit of 526?
5
What is the thousands digit of 162410?
2
What is the units digit of 1458?
8
What is the thousands digit of 77769?
7
What is the units digit of 426?
6
What is the units digit of 8937?
7
What is the units digit of 6407?
7
What is the ten thousands digit of 14982?
1
What is the hundreds digit of 916?
9
What is the hundreds digit of 1235?
2
What is the units digit of 1205?
5
What is the tens digit of 1555?
5
What is the tens digit of 10953?
5
What is the thousands digit of 1987?
1
What is the hundreds digit of 2310?
3
What is the thousands digit of 2118?
2
What is the hundreds digit of 25952?
9
What is the thousands digit of 22199?
2
What is the tens digit of 365?
6
What is the units digit of 7666?
6
What is the units digit of 21075?
5
What is the units digit of 266?
6
What is the tens digit of 1730?
3
What is the hundreds digit of 9909?
9
What is the hundreds digit of 15784?
7
What is the hundreds digit of 567?
5
What is the tens digit of 422?
2
What is the tens digit of 79853?
5
What is the thousands digit of 2092?
2
What is the ten thousands digit of 12003?
1
What is the hundreds digit of 1051?
0
What is the units digit of 2144?
4
What is the thousands digit of 6071?
6
What is the tens digit of 1077?
7
What is the units digit of 3741?
1
What is the units digit of 830?
0
What is the ten thousands digit of 41228?
4
What is the thousands digit of 7346?
7
What is the hundreds digit of 7192?
1
What is the tens digit of 19222?
2
What is the tens digit of 919?
1
What is the thousands digit of 2883?
2
What is the units digit of 1728?
8
What is the tens digit of 1096?
9
What is the hundred thousands digit of 115476?
1
What is the units digit of 4620?
0
What is the thousands digit of 4433?
4
What is the hundreds digit of 8817?
8
What is the hundreds digit of 14780?
7
What is the units digit of 2566?
6
What is the units digit of 766?
6
What is the hundreds digit of 90595?
5
What is the thousands digit of 17154?
7
What is the units digit of 655?
5
What is the hundreds digit of 847?
8
What is the hundreds digit of 26422?
4
What is the units digit of 1265?
5
What is the tens digit of 834?
3
What is the hundreds digit of 741?
7
What is the hundreds digit of 11596?
5
What is the thousands digit of 5123?
5
What is the units digit of 82517?
7
What is the hundreds digit of 654?
6
What is the thousands digit of 1231?
1
What is the ten thousands digit of 141116?
4
What is the units digit of 595?
5
What is the hundreds digit of 1649?
6
What is the thousands digit of 4581?
4
What is the tens digit of 21238?
3
What is the hundreds digit of 52893?
8
What is the tens digit of 8514?
1
What is the hundreds digit of 135913?
9
What is the hundred thousands digit of 111787?
1
What is the thousands digit of 2952?
2
What is the tens digit of 10919?
1
What is the hundreds digit of 7316?
3
What is the thousands digit of 12049?
2
What is the tens digit of 14?
1
What is the thousands digit of 1142?
1
What is the tens digit of 38193?
9
What is the units digit of 7869?
9
What is the tens digit of 908?
0
What is the ten thousands digit of 23269?
2
What is the tens digit of 4607?
0
What is the hundreds digit of 4215?
2
What is the hundreds digit of 5882?
8
What is the units digit of 1775?
5
What is the hundreds digit of 5174?
1
What is the hundreds digit of 3934?
9
What is the thousands digit of 48976?
8
What is the units digit of 66566?
6
What is the tens digit of 556?
5
What is the thousands digit of 14287?
4
What is the hundreds digit of 40514?
5
What is the units digit of 966?
6
What is the thousands digit of 4416?
4
What is the units digit of 33536?
6
What is the thousands digit of 2098?
2
What is the hundreds digit of 543?
5
What is the ten thousands digit of 36340?
3
What is the thousands digit of 30563?
0
What is the tens digit of 13871?
7
What is the thousands digit of 38608?
8
What is the thousands digit of 1435?
1
What is the tens digit of 327?
2
What is the hundreds digit of 4943?
9
What is the units digit of 2348?
8
What is the tens digit of 1390?
9
What is the units digit of 45660?
0
What is the tens digit of 18336?
3
What is the hundred thousands digit of 149917?
1
What is the hundred thousands digit of 100781?
1
What is the units digit of 9423?
3
What is the hundreds digit of 125569?
5
What is the hundreds digit of 20328?
3
What is the thousands digit of 6298?
6
What is the tens digit of 868?
6
What is the units digit of 19782?
2
What is the hundreds digit of 21394?
3
What is the hundreds digit of 10876?
8
What is the hundreds digit of 261?
2
What is the thousands digit of 5481?
5
What is the hundreds digit of 1060?
0
What is the units digit of 3385?
5
What is the ten thousands digit of 11664?
1
What is the tens digit of 30986?
8
What is the tens digit of 132191?
9
What is the hundreds digit of 2556?
5
What is the tens digit of 4348?
4
What is the tens digit of 3776?
7
What is the ten thousands digit of 27294?
2
What is the tens digit of 2506?
0
What is the units digit of 871?
1
What is the units digit of 692?
2
What is the hundreds digit of 126?
1
What is the thousands digit 